{"id":608,"date":"2025-05-27T09:21:19","date_gmt":"2025-05-27T12:21:19","guid":{"rendered":"https:\/\/ingenieria.uner.edu.ar\/nucleos\/quimica_ambiental\/?page_id=608"},"modified":"2025-11-12T12:24:06","modified_gmt":"2025-11-12T15:24:06","slug":"congresos","status":"publish","type":"page","link":"https:\/\/ingenieria.uner.edu.ar\/nucleos\/quimica_ambiental\/index.php\/congresos\/","title":{"rendered":"Participaci\u00f3n en congresos"},"content":{"rendered":"\t\t<div data-elementor-type=\"wp-page\" data-elementor-id=\"608\" class=\"elementor elementor-608\">\n\t\t\t\t<div class=\"elementor-element elementor-element-531a231 e-flex e-con-boxed e-con e-parent\" data-id=\"531a231\" data-element_type=\"container\">\n\t\t\t\t\t<div class=\"e-con-inner\">\n\t\t\t\t<div class=\"elementor-element elementor-element-917fdc6 elementor-widget elementor-widget-text-editor\" data-id=\"917fdc6\" data-element_type=\"widget\" data-widget_type=\"text-editor.default\">\n\t\t\t\t<div class=\"elementor-widget-container\">\n\t\t\t<style>\/*! elementor - v3.23.0 - 05-08-2024 *\/\n.elementor-widget-text-editor.elementor-drop-cap-view-stacked .elementor-drop-cap{background-color:#69727d;color:#fff}.elementor-widget-text-editor.elementor-drop-cap-view-framed .elementor-drop-cap{color:#69727d;border:3px solid;background-color:transparent}.elementor-widget-text-editor:not(.elementor-drop-cap-view-default) .elementor-drop-cap{margin-top:8px}.elementor-widget-text-editor:not(.elementor-drop-cap-view-default) .elementor-drop-cap-letter{width:1em;height:1em}.elementor-widget-text-editor .elementor-drop-cap{float:left;text-align:center;line-height:1;font-size:50px}.elementor-widget-text-editor .elementor-drop-cap-letter{display:inline-block}<\/style>\t\t\t\t<div>Participaci\u00f3n en congresos:<\/div><ul style=\"font-size: 16px; font-style: normal; font-weight: 400;\"><li>XXIV Congreso Argentino de Toxicolog\u00eda<br \/>\u201c<strong>Uniendo saberes para reducir los riesgos en la salud y el ambiente\u201d <\/strong>Bianchi, Mariana; Porcaro, Andrea; Spizzo, Silvana R.; Ormaechea, Maria V.; Aljarrat, Nadia; Casablanca, Maria; Querubin Pereyra, Pablo L.; Acosta, Maria G.; Paravani, Enrique V. Poster &#8220;Fitorremediaci\u00f3n de efluentes porcinos empleando lenteja de agua (L. minor), una planta con potencial en el cuidado ambiental&#8221;<\/li><li>XXIV Congreso Argentino de Toxicolog\u00eda<br \/><strong>\u201cUniendo saberes para reducir los riesgos en la salud y el ambiente\u201d<\/strong> Bianchi, Mariana; Porcaro, Andrea; Paravani, Enrique V.; Poletta, Gisela L. Resumen y poster &#8220;Alteraciones del comportamiento locomotor en Danio rerio tras la exposici\u00f3n a <br \/>fenbendazol e ivermectina.&#8221; 2025<\/li><li style=\"font-size: 16px;\">SETAC Latin America 15th Biennial Meeting. &#8220;<span style=\"font-weight: bold;\">Pesticide-Induced Alterations in Zebrafish Behavior, Histology, and Gene Expression: An Integrated Approach&#8221;.<\/span>\u00a0M. Bianchi, E.V. Paravani, M.G. Acosta, L. Odetti, M.F. Simoniello, G.L. Poletta. Resumen y poster. 2023<\/li><li style=\"font-size: 16px;\">XX Congreso de la Asociaci\u00f3n Latino-Iberoamericana de Gesti\u00f3n Tecnol\u00f3gica y de la Innovaci\u00f3n (ALTEC).\u00a0<span style=\"font-weight: bold;\">&#8220;An\u00e1lisis de la actividad metab\u00f3lica del NAD(P)H y FAD en embriones de peces cebra (Danio rerio) expuestos a concentraciones ambientales de 2,4-D e imidacloprid&#8221;.<\/span>\u00a0Bianchi M, Porcaro A, Ormaechea MV, Paravani EV. Paper acad\u00e9mico y poster. 2023.<\/li><li style=\"font-size: 16px;\">V Congreso Argentina y Ambiente 2023 (AA2023) 4\u00ba Simposio Iberoamericano de Adsorci\u00f3n (IBA-4).\u00a0<span style=\"font-weight: bold;\">&#8220;Actividad metab\u00f3lica de NAD(P)H y FAD en embriones de peces cebra (Danio rerio) sometidos a hipoxia, empleando microscopia FLIM&#8221;.\u00a0<\/span>Bianchi M, Porcaro A, Ormaechea MV, Paravani EV.\u00a0 Resumen y poster. 2023<\/li><li style=\"font-size: 16px;\">V Congreso Argentina y Ambiente 2023 (AA2023) 4\u00ba Simposio Iberoamericano de Adsorci\u00f3n (IBA-4).\u00a0<span style=\"font-weight: bold;\">&#8220;Evaluaci\u00f3n temporal del estado ambiental del lago Parque Gazzano&#8221;.\u00a0<\/span>Ormaechea, M.; Spizzo, S.; Bianchi, M.; Paravani, E.\u00a0 Resumen y poster. 2023<\/li><li style=\"font-size: 16px;\">XII congreso ALAMCTA Virtual. &#8220;<span style=\"font-weight: bold;\">Estudio in vivo del efecto 17-alfa-etinil-estradiol (EE2) sobre las c\u00e9lulas branquiales de peces cebra (Danio rerio) adultos&#8221;.<\/span>\u00a0Paravani EV, Bianchi M, Querubin Pereyra L, Acosta MG, Odeti LM, Sasal MC, Simoniello MF. 10\/2021<\/li><li style=\"font-size: 16px;\">Jornadas del departamento de Fisicoqu\u00edmica. FI-UNER.\u00a0<span style=\"font-weight: bold;\">&#8220;Evaluaci\u00f3n temporal del estado tr\u00f3fico del lago Parque Gazzano&#8221;.\u00a0<\/span>Ormaechea, M.; Bianchi, M.; Spizzo, S.; Paravani, E.\u00a0 Resumen y presentaci\u00f3n oral. 2021<\/li><li style=\"font-size: 16px;\">Jornadas del departamento de Fisicoqu\u00edmica. FI-UNER.\u00a0<span style=\"font-weight: bold;\">&#8220;An\u00e1lisis de la actividad metab\u00f3lica del NAD(P)H y FAD en branquias de peces cebra (Danio rerio) expuestos a concentraciones ambientales de cipermetrina&#8221;.\u00a0<\/span>Bianchi Mariana, Porcaro Andrea, Ormaechea Valeria, Paravani Enrique. Resumen y presentaci\u00f3n oral. 2021<\/li><li style=\"font-size: 16px;\">Jornadas del departamento de Fisicoqu\u00edmica. FI-UNER.\u00a0<span style=\"font-weight: bold;\">&#8220;Estudio del comportamiento del pez cebra (Danio rerio) expuesto a concentraciones ambientales de plaguicidas&#8221;.\u00a0<\/span>Bianchi Mariana, Querubin Luciano, Paravani Enrique. Resumen y presentaci\u00f3n oral. 2021<\/li><li style=\"font-size: 16px;\">Reuni\u00f3n de comunicaciones cient\u00edficas, de extensi\u00f3n y docencia. Facultad de Ciencias Agropecuarias.\u00a0<span style=\"font-weight: bold;\">&#8220;Estado fisiol\u00f3gico de la comunidad algal en el lago Parque Gazzano (Paran\u00e1)&#8221;.\u00a0<\/span>Mar\u00eda Valeria Ormaechea, Cecilia I. Sanchez, Silvana R. Spizzo, Mariana Bianchi. Resumen y poster. 2021<\/li><li style=\"font-size: 16px;\">XI Congreso Latinoamericano de Mutag\u00e9nesis, Carcinog\u00e9nesis y Teratog\u00e9nesis Ambiental.\u00a0<span style=\"font-weight: bold;\">\u201cExpression pattern of antioxidant enzymes genes in\u00a0<em>Caiman latirostris<\/em>\u00a0hatchlings exposed to pesticide mixtures\u201d.\u00a0<\/span>Lucia M. Odetti, Enrique Paravani, Ma. Fernanda Simoniello and Gisela L. Poletta. 25 al 27 de abril, 2019. Asunci\u00f3n, Paraguay.<\/li><li style=\"font-size: 16px;\">VII Congreso Argentino de la Sociedad de Toxicolog\u00eda y Qu\u00edmica Ambiental SETAC, Cap\u00edtulo Argentino.\u00a0<span style=\"font-weight: bold;\">\u201cDa\u00f1o Oxidativo y genotoxicidad en\u00a0<em>Caiman latirostris<\/em>\u00a0por exposici\u00f3n embrionaria a mezclas de plaguicidas. Evaluaci\u00f3n de recuperaci\u00f3n\u201d<\/span>. Odetti L; Paravani E; L\u00f3pez Gonz\u00e1lez E; Simoniello MF, Poletta G. 16 al 19 de octubre, 2018. San Luis, Argentina.<\/li><\/ul>\t\t\t\t\t\t<\/div>\n\t\t\t\t<\/div>\n\t\t\t\t\t<\/div>\n\t\t\t\t<\/div>\n\t\t\t\t<\/div>\n\t\t","protected":false},"excerpt":{"rendered":"<p>Participaci\u00f3n en congresos: XXIV Congreso Argentino de Toxicolog\u00eda\u201cUniendo saberes para reducir los riesgos en la salud y el ambiente\u201d Bianchi, Mariana; Porcaro, Andrea; Spizzo, Silvana R.; Ormaechea, Maria V.; Aljarrat, Nadia; Casablanca, Maria; Querubin Pereyra, Pablo L.; Acosta, Maria G.; Paravani, Enrique V. Poster &#8220;Fitorremediaci\u00f3n de efluentes porcinos empleando lenteja de agua (L. minor), una [&hellip;]<\/p>\n","protected":false},"author":5,"featured_media":0,"parent":0,"menu_order":0,"comment_status":"closed","ping_status":"closed","template":"","meta":{"site-sidebar-layout":"no-sidebar","site-content-layout":"page-builder","ast-site-content-layout":"full-width-container","site-content-style":"default","site-sidebar-style":"default","ast-global-header-display":"","ast-banner-title-visibility":"","ast-main-header-display":"","ast-hfb-above-header-display":"","ast-hfb-below-header-display":"","ast-hfb-mobile-header-display":"","site-post-title":"disabled","ast-breadcrumbs-content":"","ast-featured-img":"disabled","footer-sml-layout":"","theme-transparent-header-meta":"","adv-header-id-meta":"","stick-header-meta":"","header-above-stick-meta":"","header-main-stick-meta":"","header-below-stick-meta":"","astra-migrate-meta-layouts":"set","ast-page-background-enabled":"default","ast-page-background-meta":{"desktop":{"background-color":"var(--ast-global-color-4)","background-image":"","background-repeat":"repeat","background-position":"center center","background-size":"auto","background-attachment":"scroll","background-type":"","background-media":"","overlay-type":"","overlay-color":"","overlay-gradient":""},"tablet":{"background-color":"","background-image":"","background-repeat":"repeat","background-position":"center center","background-size":"auto","background-attachment":"scroll","background-type":"","background-media":"","overlay-type":"","overlay-color":"","overlay-gradient":""},"mobile":{"background-color":"","background-image":"","background-repeat":"repeat","background-position":"center center","background-size":"auto","background-attachment":"scroll","background-type":"","background-media":"","overlay-type":"","overlay-color":"","overlay-gradient":""}},"ast-content-background-meta":{"desktop":{"background-color":"var(--ast-global-color-5)","background-image":"","background-repeat":"repeat","background-position":"center center","background-size":"auto","background-attachment":"scroll","background-type":"","background-media":"","overlay-type":"","overlay-color":"","overlay-gradient":""},"tablet":{"background-color":"var(--ast-global-color-5)","background-image":"","background-repeat":"repeat","background-position":"center center","background-size":"auto","background-attachment":"scroll","background-type":"","background-media":"","overlay-type":"","overlay-color":"","overlay-gradient":""},"mobile":{"background-color":"var(--ast-global-color-5)","background-image":"","background-repeat":"repeat","background-position":"center center","background-size":"auto","background-attachment":"scroll","background-type":"","background-media":"","overlay-type":"","overlay-color":"","overlay-gradient":""}},"footnotes":""},"class_list":["post-608","page","type-page","status-publish","hentry"],"_links":{"self":[{"href":"https:\/\/ingenieria.uner.edu.ar\/nucleos\/quimica_ambiental\/index.php\/wp-json\/wp\/v2\/pages\/608","targetHints":{"allow":["GET"]}}],"collection":[{"href":"https:\/\/ingenieria.uner.edu.ar\/nucleos\/quimica_ambiental\/index.php\/wp-json\/wp\/v2\/pages"}],"about":[{"href":"https:\/\/ingenieria.uner.edu.ar\/nucleos\/quimica_ambiental\/index.php\/wp-json\/wp\/v2\/types\/page"}],"author":[{"embeddable":true,"href":"https:\/\/ingenieria.uner.edu.ar\/nucleos\/quimica_ambiental\/index.php\/wp-json\/wp\/v2\/users\/5"}],"replies":[{"embeddable":true,"href":"https:\/\/ingenieria.uner.edu.ar\/nucleos\/quimica_ambiental\/index.php\/wp-json\/wp\/v2\/comments?post=608"}],"version-history":[{"count":14,"href":"https:\/\/ingenieria.uner.edu.ar\/nucleos\/quimica_ambiental\/index.php\/wp-json\/wp\/v2\/pages\/608\/revisions"}],"predecessor-version":[{"id":828,"href":"https:\/\/ingenieria.uner.edu.ar\/nucleos\/quimica_ambiental\/index.php\/wp-json\/wp\/v2\/pages\/608\/revisions\/828"}],"wp:attachment":[{"href":"https:\/\/ingenieria.uner.edu.ar\/nucleos\/quimica_ambiental\/index.php\/wp-json\/wp\/v2\/media?parent=608"}],"curies":[{"name":"wp","href":"https:\/\/api.w.org\/{rel}","templated":true}]}}